{"id":252,"date":"2016-07-27T19:04:09","date_gmt":"2016-07-27T18:04:09","guid":{"rendered":"http:\/\/ferigouliero.fr\/?page_id=252"},"modified":"2019-11-01T13:57:02","modified_gmt":"2019-11-01T12:57:02","slug":"salle-de-bains-et-douche","status":"publish","type":"page","link":"https:\/\/www.ferigouliero.fr\/index.php\/salle-de-bains-et-douche\/","title":{"rendered":"Salle de bains &#038; douche"},"content":{"rendered":"<p>La salle de bains avec baignoire, WC et 2 lavabos est tr\u00e8s grande. Elle offre tout le confort n\u00e9cessaire et les b\u00e9b\u00e9s y seront au petits soins gr\u00e2ce \u00e0 la pr\u00e9sence d&rsquo;un petit pot, d&rsquo;un coussin \u00e0 langer et d&rsquo;une baignoire \u00e0 leur taille.<\/p>\n<p><img loading=\"lazy\" decoding=\"async\" class=\"alignnone wp-image-258 size-full\" src=\"http:\/\/ferigouliero.fr\/wp-content\/uploads\/2016\/07\/Sdb-1-e1469642545815.jpg\" alt=\"Sdb 1\" width=\"380\" height=\"285\" \/><\/p>\n<p><img loading=\"lazy\" decoding=\"async\" class=\"alignnone wp-image-328 size-full\" src=\"http:\/\/ferigouliero.fr\/wp-content\/uploads\/2016\/07\/P1030162.jpg\" alt=\"P1030162\" width=\"4608\" height=\"3456\" srcset=\"https:\/\/ferigouliero.fr\/wp-content\/uploads\/2016\/07\/P1030162.jpg 4608w, https:\/\/ferigouliero.fr\/wp-content\/uploads\/2016\/07\/P1030162-300x225.jpg 300w, https:\/\/ferigouliero.fr\/wp-content\/uploads\/2016\/07\/P1030162-768x576.jpg 768w, https:\/\/ferigouliero.fr\/wp-content\/uploads\/2016\/07\/P1030162-1024x768.jpg 1024w\" sizes=\"auto, (max-width: 4608px) 100vw, 4608px\" \/><\/p>\n<p>Une douche avec entr\u00e9e s\u00e9par\u00e9e permet \u00e0 2 familles de cohabiter harmonieusement !<\/p>\n<p><img loading=\"lazy\" decoding=\"async\" class=\"alignnone wp-image-257 size-full\" src=\"http:\/\/ferigouliero.fr\/wp-content\/uploads\/2016\/07\/Douche-e1469642602339.jpg\" alt=\"Douche\" width=\"380\" height=\"507\" \/><\/p>\n","protected":false},"excerpt":{"rendered":"<p>La salle de bains avec baignoire, WC et 2 lavabos est tr\u00e8s grande. Elle offre tout le confort n\u00e9cessaire et les b\u00e9b\u00e9s y seront au petits soins gr\u00e2ce \u00e0 la pr\u00e9sence d&rsquo;un petit pot, d&rsquo;un coussin \u00e0 langer et d&rsquo;une baignoire \u00e0 leur taille. Une douche avec entr\u00e9e s\u00e9par\u00e9e permet \u00e0 2 familles de cohabiter &hellip; <a href=\"https:\/\/www.ferigouliero.fr\/index.php\/salle-de-bains-et-douche\/\" class=\"more-link\">Continuer la lecture de <span class=\"screen-reader-text\">Salle de bains &#038; douche<\/span>  <span class=\"meta-nav\">&rarr;<\/span><\/a><\/p>\n","protected":false},"author":1,"featured_media":0,"parent":0,"menu_order":0,"comment_status":"closed","ping_status":"closed","template":"","meta":{"footnotes":""},"class_list":["post-252","page","type-page","status-publish","hentry"],"_links":{"self":[{"href":"https:\/\/www.ferigouliero.fr\/index.php\/wp-json\/wp\/v2\/pages\/252","targetHints":{"allow":["GET"]}}],"collection":[{"href":"https:\/\/www.ferigouliero.fr\/index.php\/wp-json\/wp\/v2\/pages"}],"about":[{"href":"https:\/\/www.ferigouliero.fr\/index.php\/wp-json\/wp\/v2\/types\/page"}],"author":[{"embeddable":true,"href":"https:\/\/www.ferigouliero.fr\/index.php\/wp-json\/wp\/v2\/users\/1"}],"replies":[{"embeddable":true,"href":"https:\/\/www.ferigouliero.fr\/index.php\/wp-json\/wp\/v2\/comments?post=252"}],"version-history":[{"count":7,"href":"https:\/\/www.ferigouliero.fr\/index.php\/wp-json\/wp\/v2\/pages\/252\/revisions"}],"predecessor-version":[{"id":883,"href":"https:\/\/www.ferigouliero.fr\/index.php\/wp-json\/wp\/v2\/pages\/252\/revisions\/883"}],"wp:attachment":[{"href":"https:\/\/www.ferigouliero.fr\/index.php\/wp-json\/wp\/v2\/media?parent=252"}],"curies":[{"name":"wp","href":"https:\/\/api.w.org\/{rel}","templated":true}]}}

<p>La salle de bains avec baignoire, WC et 2 lavabos est très grande. Elle offre tout le confort nécessaire et les bébés y seront au petits soins grâce à la présence d&rsquo;un petit pot, d&rsquo;un coussin à langer et d&rsquo;une baignoire à leur taille.</p>
<p><img loading="lazy" decoding="async" class="alignnone wp-image-258 size-full" src="http://ferigouliero.fr/wp-content/uploads/2016/07/Sdb-1-e1469642545815.jpg" alt="Sdb 1" width="380" height="285" /></p>
<p><img loading="lazy" decoding="async" class="alignnone wp-image-328 size-full" src="http://ferigouliero.fr/wp-content/uploads/2016/07/P1030162.jpg" alt="P1030162" width="4608" height="3456" srcset="https://ferigouliero.fr/wp-content/uploads/2016/07/P1030162.jpg 4608w, https://ferigouliero.fr/wp-content/uploads/2016/07/P1030162-300x225.jpg 300w, https://ferigouliero.fr/wp-content/uploads/2016/07/P1030162-768x576.jpg 768w, https://ferigouliero.fr/wp-content/uploads/2016/07/P1030162-1024x768.jpg 1024w" sizes="auto, (max-width: 4608px) 100vw, 4608px" /></p>
<p>Une douche avec entrée séparée permet à 2 familles de cohabiter harmonieusement !</p>
<p><img loading="lazy" decoding="async" class="alignnone wp-image-257 size-full" src="http://ferigouliero.fr/wp-content/uploads/2016/07/Douche-e1469642602339.jpg" alt="Douche" width="380" height="507" /></p>

<p>La salle de bains avec baignoire, WC et 2 lavabos est très grande. Elle offre tout le confort nécessaire et les bébés y seront au petits soins grâce à la présence d&rsquo;un petit pot, d&rsquo;un coussin à langer et d&rsquo;une baignoire à leur taille. Une douche avec entrée séparée permet à 2 familles de cohabiter &hellip; <a href="https://www.ferigouliero.fr/index.php/salle-de-bains-et-douche/" class="more-link">Continuer la lecture de <span class="screen-reader-text">Salle de bains &#038; douche</span>  <span class="meta-nav">&rarr;</span></a></p>
