{"id":470,"date":"2018-11-02T14:20:29","date_gmt":"2018-11-02T13:20:29","guid":{"rendered":"http:\/\/www.ferigouliero.fr\/?page_id=470"},"modified":"2024-06-23T17:38:04","modified_gmt":"2024-06-23T16:38:04","slug":"gastronomie","status":"publish","type":"page","link":"https:\/\/www.ferigouliero.fr\/index.php\/gastronomie\/","title":{"rendered":"Gastronomie locale"},"content":{"rendered":"<p><strong>O\u00f9 aller pour boire et manger ? En saison, il vaut toujours mieux r\u00e9server d&rsquo;avance! Hors saison, de nombreux restaurants sont ferm\u00e9s. Renseignez-vous sur internet ou t\u00e9l\u00e9phonez pour \u00eatre certain de leur disponibilit\u00e9. Voici une liste de restaurants que nous avons d\u00e9j\u00e0 test\u00e9s pour vous:<\/strong><\/p>\n<h3>Villecroze:<\/h3>\n<blockquote><p><span style=\"color: #000000;\"><strong>Les Sources de Villecroze<\/strong>\u00a0&#8211;<\/span><\/p>\n<div class=\"col-lg-12\">\n<p id=\"prestataire-description\"><span style=\"color: #000000;\">Du 1er novembre au 31 mars : ferm\u00e9 dimanche soir + du lundi au mercredi Du 1er avril au 31 octobre : ferm\u00e9 dimanche soir + du lundi au mardi<\/span><\/p>\n<p><span style=\"color: #000000;\">Restaurant gastronomique bas\u00e9 \u00e0 Villecroze sur la route des Gorges du Verdon qui <\/span><span style=\"color: #000000;\">propose une cuisine locale avec des produits du terroir.<\/span><\/p>\n<p><span style=\"color: #000000;\">185 Route de Draguignan<\/span><br \/>\n<span style=\"color: #000000;\">83690 &#8211; VILLECROZE<br \/>\n<\/span><span style=\"color: #000000;\">T\u00e9l 04 94 70 63 23<\/span><\/p>\n<\/div>\n<p><span style=\"color: #000000;\"><strong>Au Bien-Etre<\/strong>: <\/span><br \/>\n<span style=\"color: #000000;\">restaurant gastronomique qui fait \u00e9galement h\u00f4tel B&amp;B, situ\u00e9 \u00e0 l&rsquo;ext\u00e9rieur du village sur la route en direction de Draguignan. Carte vari\u00e9e et originale, cuisine fran\u00e7aise \u00e0 base de produits frais et de saison. La patronne Florence est aux fourneaux et le patron Sylvain fait le service. Magnifique cadre en pleine campagne. D\u00e9licieux mais sortez votre ch\u00e9quier! Fermeture annuelle: octobre \u00e0 mars.<\/span><br \/>\n<span style=\"color: #000000;\">T\u00e9l.:\u00a0<span class=\"LrzXr zdqRlf kno-fv\">04 94 70 67 57<\/span><\/span><br \/>\n<span style=\"color: #000000;\">523 chemin du bien \u00eatre<\/span><br \/>\n<span style=\"color: #000000;\">83690 Villecroze<br \/>\n<\/span><a href=\"http:\/\/www.aubienetre.com\/\">http:\/\/www.aubienetre.com\/<\/a><\/p>\n<p><strong><span style=\"color: #000000;\">La Place:<\/span><\/strong><br \/>\n<span style=\"color: #000000;\">petit restaurant situ\u00e9 sur la place de Villecroze, \u00e0 l&rsquo;ombre des platanes. Cuisine traditionnelle. Partenariat avec un autre restaurant qui lui, est sp\u00e9cialis\u00e9 en pizzas.<br \/>\nT\u00e9l.: 04 94 70 27 24<br \/>\n9 Place G\u00e9n\u00e9ral De Gaulle<br \/>\n83690 Villecroze<br \/>\n<\/span><a href=\"https:\/\/www.facebook.com\/pages\/category\/Pizza-Place\/Restaurant-La-Place-233907420129006\/\">https:\/\/www.facebook.com\/pages\/category\/Pizza-Place\/Restaurant-La-Place-233907420129006\/<\/a><\/p><\/blockquote>\n<p><strong style=\"color: #767676; font-size: 19px; font-style: italic;\"><span style=\"color: #000000;\">A c\u00f4t\u00e9:<\/span><\/strong><\/p>\n<blockquote><p><span style=\"color: #000000;\">petit restaurant qui propose un tr\u00e8s large choix de pizzas et des salades vari\u00e9es. Travaille avec le restaurant \u00ab\u00a0La Place\u00a0\u00bb, sur le Cours de Villecroze.<br \/>\nT\u00e9l.: 04 94 70 27 24<br \/>\nPlace G\u00e9n\u00e9ral De Gaulle<br \/>\n83690 Villecroze<br \/>\n<\/span><a href=\"https:\/\/www.tourinprovence.fr\/restauration\/restaurants\/505-a-cote.html\">https:\/\/www.tourinprovence.fr\/restauration\/restaurants\/505-a-cote.html<\/a><\/p><\/blockquote>\n<p><span style=\"color: #000000;\"><span style=\"font-size: 22px; font-weight: bold; color: #2b2b2b;\">Salernes:<\/span><br \/>\n<\/span><\/p>\n<blockquote><p><span style=\"color: #000000;\"><strong>Caf\u00e9 des Vignes:<\/strong><br \/>\n<\/span><span style=\"color: #000000;\">petit restaurant d\u00e9guis\u00e9 sous la forme d&rsquo;un simple un caf\u00e9, donnant sur la Place de Salernes. Choix de carte restreint mais produits frais et de saison et prix corrects.<\/span><\/p><\/blockquote>\n<blockquote><p><span style=\"color: #000000;\">T\u00e9l.:\u00a004 94 67 36 18<\/span><br \/>\n<span style=\"color: #000000;\">14 Cours Th\u00e9odore Bouge\u00a0<\/span><br \/>\n<span style=\"color: #000000;\">83690 Salernes<br \/>\n<\/span><a href=\"https:\/\/lacarte.menu\/restaurants\/salernes\/cafe-des-vignes\">https:\/\/lacarte.menu\/restaurants\/salernes\/cafe-des-vignes<\/a><\/p><\/blockquote>\n<h3>Tourtour:<\/h3>\n<blockquote><p><span style=\"color: #000000;\"><strong>La Table:<\/strong><br \/>\nMeia et Laurent vous accueillent dans leur restaurant haut de gamme. Cuisine fran\u00e7aise \u00e0 la pr\u00e9sentation soign\u00e9e et recherch\u00e9e. Plats excellents mais peu copieux. Personnel assez raide et guind\u00e9. Addition sal\u00e9e en fin de repas.<br \/>\nT\u00e9l.: 04 94 70 55 95<\/span><br \/>\n<span style=\"color: #000000;\">1, Traverse du Jas<\/span><br \/>\n<span style=\"color: #000000;\">Les Ribas<\/span><br \/>\n<span style=\"color: #000000;\">83960 Tourtour<br \/>\n<\/span><a href=\"http:\/\/www.latable.fr\/restaurant-la-table-tourtour-p9.php\">http:\/\/www.latable.fr\/restaurant-la-table-tourtour-p9.php<\/a><\/p><\/blockquote>\n<p><strong style=\"color: #767676; font-size: 19px; font-style: italic;\"><span style=\"color: #000000;\">La Mimounia:<\/span><\/strong><\/p>\n<blockquote><p><span style=\"color: #000000;\">restaurant familial. Cuisine marocaine d\u00e9licieuse et traditionnelle. Ambiance et d\u00e9cor oriental garantis. R\u00e9servation indispensable car peu de places assises. Prix corrects. Ferm\u00e9 le lundi. Dispose d&rsquo;une terrasse \u00b7 Chiens admis<\/span><br \/>\n<span style=\"color: #000000;\">T\u00e9l.: 04 94 47 67 89<\/span><br \/>\n<span style=\"color: #000000;\">6 Rue Grande<\/span><br \/>\n<span style=\"color: #000000;\">83690 Tourtour<br \/>\n<\/span><a href=\"http:\/\/tourtour.village.free.fr\/?La-Mimounia-restaurant-oriental-a\">http:\/\/tourtour.village.free.fr\/?La-Mimounia-restaurant-oriental-a<\/a><\/p><\/blockquote>\n<div class=\"mod\" lang=\"en-FR\" data-attrid=\"kc:\/location\/location:address\" data-md=\"1002\" data-hveid=\"CAYQAQ\" data-ved=\"2ahUKEwihmOj83bXeAhVHOBoKHckVBoMQkCkwFXoECAYQAQ\">\n<div class=\"Z1hOCe\">\n<div class=\"zloOqf kno-fb-ctx\" data-dtype=\"d3ifr\" data-local-attribute=\"d3adr\" data-ved=\"2ahUKEwihmOj83bXeAhVHOBoKHckVBoMQghwoADAVegQIBhAC\">\n<div class=\"GDRHkb r-i0Skj_RP5NWw\">\n<div class=\"wDYxhc\" data-attrid=\"kc:\/location\/location:address\" data-md=\"1002\" data-hveid=\"CD0QAA\" data-ved=\"2ahUKEwiglZ289peEAxU1ywIHHfcYArAQkCl6BAg9EAA\">\n<div class=\"Z1hOCe\">\n<div class=\"zloOqf PZPZlf\" data-dtype=\"d3ifr\" data-local-attribute=\"d3adr\" data-mid=\"\/g\/1t_gbbv3\" data-ved=\"2ahUKEwiglZ289peEAxU1ywIHHfcYArAQghwoAHoECD0QAQ\"><\/div>\n<\/div>\n<\/div>\n<\/div>\n<blockquote>\n<div class=\"GDRHkb r-igCGQYhzCvPQ\"><span style=\"color: #000000;\"><strong>La Bastide de Tourtour:<\/strong><br \/>\nH\u00f4tel et SPA luxueux, la salle de restaurant est \u00e0 cette image: luxe et volupt\u00e9. La haute gastronomie vous est propos\u00e9e dans un cadre \u00e0 couper le souffle,\u00a0 surtout en \u00e9t\u00e9 avec une terrasse donnant sur un panorama imprenable. Tenue soign\u00e9e et savoir-vivre conseill\u00e9s, ainsi qu&rsquo;un portefeuille bien garni. Peu indiqu\u00e9 pour une sortie avec des enfants en bas \u00e2ge.<\/span><\/div>\n<div class=\"GDRHkb r-igCGQYhzCvPQ\"><span style=\"color: #000000;\">T\u00e9l.: 04 98 10 54 20<\/span><br \/>\n<span style=\"color: #000000;\">Route de Flayosc<\/span><br \/>\n<span style=\"color: #000000;\"> 83690 Tourtour<\/span><\/div>\n<div class=\"GDRHkb r-igCGQYhzCvPQ\">\n<div><a href=\"https:\/\/www.bastidedetourtour.com\/\">https:\/\/www.bastidedetourtour.com\/<\/a><\/div>\n<div><\/div>\n<div><span style=\"font-size: 22px; font-weight: bold; color: #2b2b2b;\">Aups:<\/span><\/div>\n<\/div>\n<\/blockquote>\n<\/div>\n<\/div>\n<\/div>\n<blockquote><p><span style=\"color: #000000;\"><strong>Restaurant des Gourmets:<\/strong><br \/>\npetite salle vo\u00fbt\u00e9e d\u00e9cor\u00e9e de jolie fresques murales. Carte de sp\u00e9cialit\u00e9s du terroir, limit\u00e9e mais cuisine soign\u00e9e valant son prix. Service de qualit\u00e9. Mise en bouche offerte. Pr\u00e9sentation des plats originale et cr\u00e9ative.<\/span><span style=\"color: #000000;\">Un must en couple pour un repas en amoureux.<\/span><\/p>\n<p><img loading=\"lazy\" decoding=\"async\" class=\"wp-image-1279 aligncenter\" src=\"http:\/\/ferigouliero.fr\/wp-content\/uploads\/2024\/06\/20240320_190803-300x140.jpg\" alt=\"\" width=\"390\" height=\"182\" srcset=\"https:\/\/ferigouliero.fr\/wp-content\/uploads\/2024\/06\/20240320_190803-300x140.jpg 300w, https:\/\/ferigouliero.fr\/wp-content\/uploads\/2024\/06\/20240320_190803-1024x478.jpg 1024w, https:\/\/ferigouliero.fr\/wp-content\/uploads\/2024\/06\/20240320_190803-768x359.jpg 768w, https:\/\/ferigouliero.fr\/wp-content\/uploads\/2024\/06\/20240320_190803-1536x717.jpg 1536w, https:\/\/ferigouliero.fr\/wp-content\/uploads\/2024\/06\/20240320_190803-2048x956.jpg 2048w\" sizes=\"auto, (max-width: 390px) 100vw, 390px\" \/><\/p>\n<p><span style=\"color: #000000;\">T\u00e9l.: 04 94 70 14 97<\/span><br \/>\n<span style=\"color: #000000;\">5 Rue Voltaire<\/span><br \/>\n<span style=\"color: #000000;\">83630 Aups<br \/>\n<\/span><a href=\"https:\/\/www.restaurantdesgourmets.fr\/\">https:\/\/www.restaurantdesgourmets.fr\/<\/a><\/p><\/blockquote>\n<div class=\"mod\" lang=\"en-FR\" data-attrid=\"kc:\/location\/location:address\" data-md=\"1002\" data-hveid=\"CAoQAQ\" data-ved=\"2ahUKEwjUvv7y47XeAhVNyhoKHY-3C5gQkCkwEHoECAoQAQ\">\n<div class=\"Z1hOCe\">\n<div class=\"zloOqf kno-fb-ctx\" data-dtype=\"d3ifr\" data-local-attribute=\"d3adr\" data-ved=\"2ahUKEwjUvv7y47XeAhVNyhoKHY-3C5gQghwoADAQegQIChAC\">\n<div class=\"GDRHkb r-i8BjQzdZb_nw\"><strong style=\"color: #000000; font-size: 19px; font-style: italic;\">Le Proven\u00e7al:<\/strong><\/div>\n<\/div>\n<\/div>\n<\/div>\n<h3>Cotignac:<\/h3>\n<blockquote><p><strong><span style=\"color: #000000;\">Brasserie La Fontaine<br \/>\n<\/span><\/strong>Dispose d&rsquo;une terrasse \u00b7 Propose un menu enfant \u00b7 Chiens admis. Uniquement le midi.<br \/>\n<a class=\"fl\" href=\"https:\/\/www.google.com\/search?sca_esv=891f019e1683b014&amp;hotel_occupancy=2&amp;sxsrf=ACQVn0_hMge7MCMvhWw_v6k1HzFTDFH2uA:1707264270903&amp;q=brasserie+la+fontaine+cotignac+adresse&amp;ludocid=9784224880054504430&amp;sa=X&amp;ved=2ahUKEwjfpZ6D95eEAxVu9AIHHUxiCRcQ6BN6BAheEAI\" data-ved=\"2ahUKEwjfpZ6D95eEAxVu9AIHHUxiCRcQ6BN6BAheEAI\">Adresse<\/a> :\u00a0 <a tabindex=\"0\" href=\"https:\/\/www.google.com\/maps\/place\/\/data=!4m2!3m1!1s0x12c95d467f62e587:0x87c88cb07a300bee?sa=X&amp;ved=2ahUKEwjfpZ6D95eEAxVu9AIHHUxiCRcQ4kB6BAgPEAA\" data-url=\"\/maps\/place\/\/data=!4m2!3m1!1s0x12c95d467f62e587:0x87c88cb07a300bee?sa=X&amp;ved=2ahUKEwjfpZ6D95eEAxVu9AIHHUxiCRcQ4kB6BAgPEAA\">35 Cr Gambetta, 83570 Cotignac, France\u00a0\u00a0<\/a><\/p>\n<div class=\"wDYxhc\" data-attrid=\"kc:\/location\/location:hours\" data-md=\"1005\" data-hveid=\"CGUQAA\" data-ved=\"2ahUKEwjfpZ6D95eEAxVu9AIHHUxiCRcQkCl6BAhlEAA\">\n<div class=\"zloOqf PZPZlf\"><span class=\"w8qArf\">T\u00e9l\u00e9phone :\u00a0<\/span><span class=\"LrzXr zdqRlf kno-fv\"><a href=\"https:\/\/www.google.com\/search?q=restaurant+la+fontaine+de+cotignac&amp;sca_esv=891f019e1683b014&amp;sxsrf=ACQVn0-H7VG2Y8Yjd-28HrdKinWBjU7nFQ%3A1707264248152&amp;ei=-MjCZf_uCMWfi-gPlsClmAQ&amp;hotel_occupancy=2&amp;ved=0ahUKEwj_yrH49peEAxXFzwIHHRZgCUMQ4dUDCBA&amp;uact=5&amp;oq=restaurant+la+fontaine+de+cotignac&amp;gs_lp=Egxnd3Mtd2l6LXNlcnAiInJlc3RhdXJhbnQgbGEgZm9udGFpbmUgZGUgY290aWduYWMyCBAhGKABGMMESKksUIQGWPQncAF4AZABAJgBgAKgAawOqgEGMjAuMS4xuAEDyAEA-AEBwgIKEAAYRxjWBBiwA8ICDRAAGIAEGIoFGEMYsAPCAhkQLhiABBiKBRhDGMcBGK8BGMgDGLAD2AEBwgIGEAAYBxgewgIIEAAYCBgHGB7CAgoQABgIGAcYHhgPwgIGEAAYCBgewgIIEAAYCBgeGA_CAgcQABiABBgN4gMEGAAgQYgGAZAGC7oGBAgBGAg&amp;sclient=gws-wiz-serp#\" data-dtype=\"d3ph\" data-local-attribute=\"d3ph\" data-ved=\"2ahUKEwjfpZ6D95eEAxVu9AIHHUxiCRcQkAgoAHoECFwQAg\"><span aria-label=\"Appeler le +33 9 81 30 95 31\">+33 9 81 30 95 31<\/span><\/a><\/span><\/div>\n<\/div>\n<p>&nbsp;<\/p><\/blockquote>\n","protected":false},"excerpt":{"rendered":"<p>O\u00f9 aller pour boire et manger ? En saison, il vaut toujours mieux r\u00e9server d&rsquo;avance! Hors saison, de nombreux restaurants sont ferm\u00e9s. Renseignez-vous sur internet ou t\u00e9l\u00e9phonez pour \u00eatre certain de leur disponibilit\u00e9. Voici une liste de restaurants que nous avons d\u00e9j\u00e0 test\u00e9s pour vous: Villecroze: Les Sources de Villecroze\u00a0&#8211; Du 1er novembre au 31 &hellip; <a href=\"https:\/\/www.ferigouliero.fr\/index.php\/gastronomie\/\" class=\"more-link\">Continuer la lecture de <span class=\"screen-reader-text\">Gastronomie locale<\/span>  <span class=\"meta-nav\">&rarr;<\/span><\/a><\/p>\n","protected":false},"author":1,"featured_media":0,"parent":0,"menu_order":0,"comment_status":"closed","ping_status":"closed","template":"","meta":{"footnotes":""},"class_list":["post-470","page","type-page","status-publish","hentry"],"_links":{"self":[{"href":"https:\/\/www.ferigouliero.fr\/index.php\/wp-json\/wp\/v2\/pages\/470","targetHints":{"allow":["GET"]}}],"collection":[{"href":"https:\/\/www.ferigouliero.fr\/index.php\/wp-json\/wp\/v2\/pages"}],"about":[{"href":"https:\/\/www.ferigouliero.fr\/index.php\/wp-json\/wp\/v2\/types\/page"}],"author":[{"embeddable":true,"href":"https:\/\/www.ferigouliero.fr\/index.php\/wp-json\/wp\/v2\/users\/1"}],"replies":[{"embeddable":true,"href":"https:\/\/www.ferigouliero.fr\/index.php\/wp-json\/wp\/v2\/comments?post=470"}],"version-history":[{"count":16,"href":"https:\/\/www.ferigouliero.fr\/index.php\/wp-json\/wp\/v2\/pages\/470\/revisions"}],"predecessor-version":[{"id":1281,"href":"https:\/\/www.ferigouliero.fr\/index.php\/wp-json\/wp\/v2\/pages\/470\/revisions\/1281"}],"wp:attachment":[{"href":"https:\/\/www.ferigouliero.fr\/index.php\/wp-json\/wp\/v2\/media?parent=470"}],"curies":[{"name":"wp","href":"https:\/\/api.w.org\/{rel}","templated":true}]}}