{"id":62,"date":"2016-07-27T18:06:03","date_gmt":"2016-07-27T17:06:03","guid":{"rendered":"http:\/\/ferigouliero.fr\/?page_id=62"},"modified":"2024-06-23T17:49:57","modified_gmt":"2024-06-23T16:49:57","slug":"nos-chambres","status":"publish","type":"page","link":"https:\/\/www.ferigouliero.fr\/index.php\/nos-chambres\/","title":{"rendered":"Nos chambres"},"content":{"rendered":"<p>O\u00f9 allez-vous dormir\u00a0?\u00a0 Vous avez le choix !<\/p>\n<p>1) Dans la suite parentale se trouve un tr\u00e8s grand lit de 1m80 de large sur 2m10 de long.<\/p>\n<p><img loading=\"lazy\" decoding=\"async\" class=\"alignnone wp-image-1160\" src=\"http:\/\/ferigouliero.fr\/wp-content\/uploads\/2024\/02\/IMG_20230414_115728-300x139.jpg\" alt=\"\" width=\"365\" height=\"169\" srcset=\"https:\/\/ferigouliero.fr\/wp-content\/uploads\/2024\/02\/IMG_20230414_115728-300x139.jpg 300w, https:\/\/ferigouliero.fr\/wp-content\/uploads\/2024\/02\/IMG_20230414_115728-1024x473.jpg 1024w, https:\/\/ferigouliero.fr\/wp-content\/uploads\/2024\/02\/IMG_20230414_115728-768x355.jpg 768w, https:\/\/ferigouliero.fr\/wp-content\/uploads\/2024\/02\/IMG_20230414_115728-1536x709.jpg 1536w, https:\/\/ferigouliero.fr\/wp-content\/uploads\/2024\/02\/IMG_20230414_115728-2048x946.jpg 2048w\" sizes=\"auto, (max-width: 365px) 100vw, 365px\" \/><\/p>\n<p><img loading=\"lazy\" decoding=\"async\" class=\"alignnone wp-image-1168\" src=\"http:\/\/ferigouliero.fr\/wp-content\/uploads\/2024\/06\/Grande-chambre-renovee-300x140.jpg\" alt=\"\" width=\"365\" height=\"170\" srcset=\"https:\/\/ferigouliero.fr\/wp-content\/uploads\/2024\/06\/Grande-chambre-renovee-300x140.jpg 300w, https:\/\/ferigouliero.fr\/wp-content\/uploads\/2024\/06\/Grande-chambre-renovee-1024x478.jpg 1024w, https:\/\/ferigouliero.fr\/wp-content\/uploads\/2024\/06\/Grande-chambre-renovee-768x359.jpg 768w, https:\/\/ferigouliero.fr\/wp-content\/uploads\/2024\/06\/Grande-chambre-renovee-1536x717.jpg 1536w, https:\/\/ferigouliero.fr\/wp-content\/uploads\/2024\/06\/Grande-chambre-renovee-2048x956.jpg 2048w\" sizes=\"auto, (max-width: 365px) 100vw, 365px\" \/><\/p>\n<p>Une tr\u00e8s grande garde-robe avec miroir agrandit visuellement la pi\u00e8ce. Un bureau est \u00e0 votre disposition pour y placer votre ordinateur et vos documents importants. Une porte-fen\u00eatre donne directement acc\u00e8s \u00e0 la terrasse couverte, \u00e0 la piscine et au jardin.<\/p>\n<p><img loading=\"lazy\" decoding=\"async\" class=\"alignnone wp-image-1149\" src=\"http:\/\/ferigouliero.fr\/wp-content\/uploads\/2023\/01\/IMG_3846-300x200.jpg\" alt=\"\" width=\"345\" height=\"230\" srcset=\"https:\/\/ferigouliero.fr\/wp-content\/uploads\/2023\/01\/IMG_3846-300x200.jpg 300w, https:\/\/ferigouliero.fr\/wp-content\/uploads\/2023\/01\/IMG_3846-1024x683.jpg 1024w, https:\/\/ferigouliero.fr\/wp-content\/uploads\/2023\/01\/IMG_3846-768x512.jpg 768w, https:\/\/ferigouliero.fr\/wp-content\/uploads\/2023\/01\/IMG_3846-1536x1024.jpg 1536w, https:\/\/ferigouliero.fr\/wp-content\/uploads\/2023\/01\/IMG_3846-2048x1365.jpg 2048w\" sizes=\"auto, (max-width: 345px) 100vw, 345px\" \/><\/p>\n<p>2) Dans la seconde chambre, il y a moyen de loger confortablement jusqu&rsquo;\u00e0 5 personnes (adultes et\/ou enfants) : il y a un lit superpos\u00e9 de type \u00ab\u00a0matrimonial\u00a0\u00bb, c&rsquo;est-\u00e0-dire qui comprend un lit de deux personnes (1m40 de large) en bas, et un lit d&rsquo;une personne (90 cm) en haut.<\/p>\n<p><img loading=\"lazy\" decoding=\"async\" class=\"alignnone wp-image-1161\" src=\"http:\/\/ferigouliero.fr\/wp-content\/uploads\/2024\/02\/IMG_20230415_083917-300x139.jpg\" alt=\"\" width=\"339\" height=\"157\" srcset=\"https:\/\/ferigouliero.fr\/wp-content\/uploads\/2024\/02\/IMG_20230415_083917-300x139.jpg 300w, https:\/\/ferigouliero.fr\/wp-content\/uploads\/2024\/02\/IMG_20230415_083917-1024x473.jpg 1024w, https:\/\/ferigouliero.fr\/wp-content\/uploads\/2024\/02\/IMG_20230415_083917-768x355.jpg 768w, https:\/\/ferigouliero.fr\/wp-content\/uploads\/2024\/02\/IMG_20230415_083917-1536x709.jpg 1536w, https:\/\/ferigouliero.fr\/wp-content\/uploads\/2024\/02\/IMG_20230415_083917-2048x946.jpg 2048w\" sizes=\"auto, (max-width: 339px) 100vw, 339px\" \/><\/p>\n<p><img loading=\"lazy\" decoding=\"async\" class=\"alignnone wp-image-1162\" src=\"http:\/\/ferigouliero.fr\/wp-content\/uploads\/2024\/02\/IMG_20230415_083912-300x139.jpg\" alt=\"\" width=\"341\" height=\"158\" srcset=\"https:\/\/ferigouliero.fr\/wp-content\/uploads\/2024\/02\/IMG_20230415_083912-300x139.jpg 300w, https:\/\/ferigouliero.fr\/wp-content\/uploads\/2024\/02\/IMG_20230415_083912-1024x473.jpg 1024w, https:\/\/ferigouliero.fr\/wp-content\/uploads\/2024\/02\/IMG_20230415_083912-768x355.jpg 768w, https:\/\/ferigouliero.fr\/wp-content\/uploads\/2024\/02\/IMG_20230415_083912-1536x709.jpg 1536w, https:\/\/ferigouliero.fr\/wp-content\/uploads\/2024\/02\/IMG_20230415_083912-2048x946.jpg 2048w\" sizes=\"auto, (max-width: 341px) 100vw, 341px\" \/><\/p>\n<p>Il y a aussi un lit pliant d&rsquo;une personne \u00e9galement (90 cm). Un petit lit pliant pour b\u00e9b\u00e9 est \u00e9galement pr\u00e9vu dans cette chambre (il se trouve pli\u00e9 dans la grande penderie, avec le matelas et les draps pour b\u00e9b\u00e9 n\u00e9cessaires).<\/p>\n<p>3) Dans le salon , pour les invit\u00e9s \u00ab\u00a0surprise\u00a0\u00bb:\u00a0 2 grands canap\u00e9s convertibles (1m40 de large et matelas de 15 cm d&rsquo;\u00e9paisseur) peuvent servir de lits d&rsquo;appoint.<\/p>\n<p><img loading=\"lazy\" decoding=\"async\" class=\"alignnone size-medium wp-image-179\" src=\"http:\/\/ferigouliero.fr\/wp-content\/uploads\/2016\/07\/DSC01021-300x200.jpg\" alt=\"DSC01021\" width=\"300\" height=\"200\" \/><\/p>\n<p><img loading=\"lazy\" decoding=\"async\" class=\"alignnone size-medium wp-image-178\" src=\"http:\/\/ferigouliero.fr\/wp-content\/uploads\/2016\/07\/DSC01020-300x200.jpg\" alt=\"DSC01020\" width=\"300\" height=\"200\" \/><\/p>\n<p>L\u2019ouverture des canap\u00e9s se fait en quelques secondes et sans aucun effort.<\/p>\n<p><strong>Voici une vid\u00e9o qui pr\u00e9sente le syst\u00e8me d&rsquo;ouverture de nos canap\u00e9s-lits en couchage.<\/strong><\/p>\n<p><a href=\"https:\/\/youtu.be\/WOPIveAlY6o?t=3\">https:\/\/youtu.be\/WOPIveAlY6o?t=3<\/a><\/p>\n<p>4) Pour les grandes familles: nous avons \u00e9galement un appartement avec une chambre pour un couple en plein centre de Salernes, avec vue sur le cours (la place du march\u00e9). Il n&rsquo;est situ\u00e9 qu&rsquo;\u00e0 quelques minutes de route de la villa. Id\u00e9ale si vous partez en vacances avec plusieurs couples qui veulent leur intimit\u00e9.<\/p>\n<p><img loading=\"lazy\" decoding=\"async\" class=\"alignnone size-medium wp-image-1283\" src=\"http:\/\/ferigouliero.fr\/wp-content\/uploads\/2024\/06\/Appt-Salernes.2-300x226.jpg\" alt=\"\" width=\"300\" height=\"226\" srcset=\"https:\/\/ferigouliero.fr\/wp-content\/uploads\/2024\/06\/Appt-Salernes.2-300x226.jpg 300w, https:\/\/ferigouliero.fr\/wp-content\/uploads\/2024\/06\/Appt-Salernes.2-1024x771.jpg 1024w, https:\/\/ferigouliero.fr\/wp-content\/uploads\/2024\/06\/Appt-Salernes.2-768x578.jpg 768w, https:\/\/ferigouliero.fr\/wp-content\/uploads\/2024\/06\/Appt-Salernes.2.jpg 1435w\" sizes=\"auto, (max-width: 300px) 100vw, 300px\" \/><\/p>\n<p><img loading=\"lazy\" decoding=\"async\" class=\"alignnone size-medium wp-image-1284\" src=\"http:\/\/ferigouliero.fr\/wp-content\/uploads\/2024\/06\/Appt-Salernes.8-300x226.jpg\" alt=\"\" width=\"300\" height=\"226\" srcset=\"https:\/\/ferigouliero.fr\/wp-content\/uploads\/2024\/06\/Appt-Salernes.8-300x226.jpg 300w, https:\/\/ferigouliero.fr\/wp-content\/uploads\/2024\/06\/Appt-Salernes.8-1024x771.jpg 1024w, https:\/\/ferigouliero.fr\/wp-content\/uploads\/2024\/06\/Appt-Salernes.8-768x578.jpg 768w, https:\/\/ferigouliero.fr\/wp-content\/uploads\/2024\/06\/Appt-Salernes.8.jpg 1435w\" sizes=\"auto, (max-width: 300px) 100vw, 300px\" \/><\/p>\n<p><img loading=\"lazy\" decoding=\"async\" class=\"alignnone size-medium wp-image-1285\" src=\"http:\/\/ferigouliero.fr\/wp-content\/uploads\/2024\/06\/IMG_20240119_132932-300x225.jpg\" alt=\"\" width=\"300\" height=\"225\" srcset=\"https:\/\/ferigouliero.fr\/wp-content\/uploads\/2024\/06\/IMG_20240119_132932-300x225.jpg 300w, https:\/\/ferigouliero.fr\/wp-content\/uploads\/2024\/06\/IMG_20240119_132932-1024x768.jpg 1024w, https:\/\/ferigouliero.fr\/wp-content\/uploads\/2024\/06\/IMG_20240119_132932-768x576.jpg 768w, https:\/\/ferigouliero.fr\/wp-content\/uploads\/2024\/06\/IMG_20240119_132932-1536x1152.jpg 1536w, https:\/\/ferigouliero.fr\/wp-content\/uploads\/2024\/06\/IMG_20240119_132932-2048x1536.jpg 2048w\" sizes=\"auto, (max-width: 300px) 100vw, 300px\" \/><\/p>\n<p>&nbsp;<\/p>\n","protected":false},"excerpt":{"rendered":"<p>O\u00f9 allez-vous dormir\u00a0?\u00a0 Vous avez le choix ! 1) Dans la suite parentale se trouve un tr\u00e8s grand lit de 1m80 de large sur 2m10 de long. Une tr\u00e8s grande garde-robe avec miroir agrandit visuellement la pi\u00e8ce. Un bureau est \u00e0 votre disposition pour y placer votre ordinateur et vos documents importants. Une porte-fen\u00eatre donne &hellip; <a href=\"https:\/\/www.ferigouliero.fr\/index.php\/nos-chambres\/\" class=\"more-link\">Continuer la lecture de <span class=\"screen-reader-text\">Nos chambres<\/span>  <span class=\"meta-nav\">&rarr;<\/span><\/a><\/p>\n","protected":false},"author":1,"featured_media":0,"parent":0,"menu_order":0,"comment_status":"closed","ping_status":"closed","template":"","meta":{"footnotes":""},"class_list":["post-62","page","type-page","status-publish","hentry"],"_links":{"self":[{"href":"https:\/\/www.ferigouliero.fr\/index.php\/wp-json\/wp\/v2\/pages\/62","targetHints":{"allow":["GET"]}}],"collection":[{"href":"https:\/\/www.ferigouliero.fr\/index.php\/wp-json\/wp\/v2\/pages"}],"about":[{"href":"https:\/\/www.ferigouliero.fr\/index.php\/wp-json\/wp\/v2\/types\/page"}],"author":[{"embeddable":true,"href":"https:\/\/www.ferigouliero.fr\/index.php\/wp-json\/wp\/v2\/users\/1"}],"replies":[{"embeddable":true,"href":"https:\/\/www.ferigouliero.fr\/index.php\/wp-json\/wp\/v2\/comments?post=62"}],"version-history":[{"count":17,"href":"https:\/\/www.ferigouliero.fr\/index.php\/wp-json\/wp\/v2\/pages\/62\/revisions"}],"predecessor-version":[{"id":1286,"href":"https:\/\/www.ferigouliero.fr\/index.php\/wp-json\/wp\/v2\/pages\/62\/revisions\/1286"}],"wp:attachment":[{"href":"https:\/\/www.ferigouliero.fr\/index.php\/wp-json\/wp\/v2\/media?parent=62"}],"curies":[{"name":"wp","href":"https:\/\/api.w.org\/{rel}","templated":true}]}}

<p>Où allez-vous dormir ?  Vous avez le choix !</p>
<p>1) Dans la suite parentale se trouve un très grand lit de 1m80 de large sur 2m10 de long.</p>
<p><img loading="lazy" decoding="async" class="alignnone wp-image-1160" src="http://ferigouliero.fr/wp-content/uploads/2024/02/IMG_20230414_115728-300x139.jpg" alt="" width="365" height="169" srcset="https://ferigouliero.fr/wp-content/uploads/2024/02/IMG_20230414_115728-300x139.jpg 300w, https://ferigouliero.fr/wp-content/uploads/2024/02/IMG_20230414_115728-1024x473.jpg 1024w, https://ferigouliero.fr/wp-content/uploads/2024/02/IMG_20230414_115728-768x355.jpg 768w, https://ferigouliero.fr/wp-content/uploads/2024/02/IMG_20230414_115728-1536x709.jpg 1536w, https://ferigouliero.fr/wp-content/uploads/2024/02/IMG_20230414_115728-2048x946.jpg 2048w" sizes="auto, (max-width: 365px) 100vw, 365px" /></p>
<p><img loading="lazy" decoding="async" class="alignnone wp-image-1168" src="http://ferigouliero.fr/wp-content/uploads/2024/06/Grande-chambre-renovee-300x140.jpg" alt="" width="365" height="170" srcset="https://ferigouliero.fr/wp-content/uploads/2024/06/Grande-chambre-renovee-300x140.jpg 300w, https://ferigouliero.fr/wp-content/uploads/2024/06/Grande-chambre-renovee-1024x478.jpg 1024w, https://ferigouliero.fr/wp-content/uploads/2024/06/Grande-chambre-renovee-768x359.jpg 768w, https://ferigouliero.fr/wp-content/uploads/2024/06/Grande-chambre-renovee-1536x717.jpg 1536w, https://ferigouliero.fr/wp-content/uploads/2024/06/Grande-chambre-renovee-2048x956.jpg 2048w" sizes="auto, (max-width: 365px) 100vw, 365px" /></p>
<p>Une très grande garde-robe avec miroir agrandit visuellement la pièce. Un bureau est à votre disposition pour y placer votre ordinateur et vos documents importants. Une porte-fenêtre donne directement accès à la terrasse couverte, à la piscine et au jardin.</p>
<p><img loading="lazy" decoding="async" class="alignnone wp-image-1149" src="http://ferigouliero.fr/wp-content/uploads/2023/01/IMG_3846-300x200.jpg" alt="" width="345" height="230" srcset="https://ferigouliero.fr/wp-content/uploads/2023/01/IMG_3846-300x200.jpg 300w, https://ferigouliero.fr/wp-content/uploads/2023/01/IMG_3846-1024x683.jpg 1024w, https://ferigouliero.fr/wp-content/uploads/2023/01/IMG_3846-768x512.jpg 768w, https://ferigouliero.fr/wp-content/uploads/2023/01/IMG_3846-1536x1024.jpg 1536w, https://ferigouliero.fr/wp-content/uploads/2023/01/IMG_3846-2048x1365.jpg 2048w" sizes="auto, (max-width: 345px) 100vw, 345px" /></p>
<p>2) Dans la seconde chambre, il y a moyen de loger confortablement jusqu&rsquo;à 5 personnes (adultes et/ou enfants) : il y a un lit superposé de type « matrimonial », c&rsquo;est-à-dire qui comprend un lit de deux personnes (1m40 de large) en bas, et un lit d&rsquo;une personne (90 cm) en haut.</p>
<p><img loading="lazy" decoding="async" class="alignnone wp-image-1161" src="http://ferigouliero.fr/wp-content/uploads/2024/02/IMG_20230415_083917-300x139.jpg" alt="" width="339" height="157" srcset="https://ferigouliero.fr/wp-content/uploads/2024/02/IMG_20230415_083917-300x139.jpg 300w, https://ferigouliero.fr/wp-content/uploads/2024/02/IMG_20230415_083917-1024x473.jpg 1024w, https://ferigouliero.fr/wp-content/uploads/2024/02/IMG_20230415_083917-768x355.jpg 768w, https://ferigouliero.fr/wp-content/uploads/2024/02/IMG_20230415_083917-1536x709.jpg 1536w, https://ferigouliero.fr/wp-content/uploads/2024/02/IMG_20230415_083917-2048x946.jpg 2048w" sizes="auto, (max-width: 339px) 100vw, 339px" /></p>
<p><img loading="lazy" decoding="async" class="alignnone wp-image-1162" src="http://ferigouliero.fr/wp-content/uploads/2024/02/IMG_20230415_083912-300x139.jpg" alt="" width="341" height="158" srcset="https://ferigouliero.fr/wp-content/uploads/2024/02/IMG_20230415_083912-300x139.jpg 300w, https://ferigouliero.fr/wp-content/uploads/2024/02/IMG_20230415_083912-1024x473.jpg 1024w, https://ferigouliero.fr/wp-content/uploads/2024/02/IMG_20230415_083912-768x355.jpg 768w, https://ferigouliero.fr/wp-content/uploads/2024/02/IMG_20230415_083912-1536x709.jpg 1536w, https://ferigouliero.fr/wp-content/uploads/2024/02/IMG_20230415_083912-2048x946.jpg 2048w" sizes="auto, (max-width: 341px) 100vw, 341px" /></p>
<p>Il y a aussi un lit pliant d&rsquo;une personne également (90 cm). Un petit lit pliant pour bébé est également prévu dans cette chambre (il se trouve plié dans la grande penderie, avec le matelas et les draps pour bébé nécessaires).</p>
<p>3) Dans le salon , pour les invités « surprise »:  2 grands canapés convertibles (1m40 de large et matelas de 15 cm d&rsquo;épaisseur) peuvent servir de lits d&rsquo;appoint.</p>
<p><img loading="lazy" decoding="async" class="alignnone size-medium wp-image-179" src="http://ferigouliero.fr/wp-content/uploads/2016/07/DSC01021-300x200.jpg" alt="DSC01021" width="300" height="200" /></p>
<p><img loading="lazy" decoding="async" class="alignnone size-medium wp-image-178" src="http://ferigouliero.fr/wp-content/uploads/2016/07/DSC01020-300x200.jpg" alt="DSC01020" width="300" height="200" /></p>
<p>L’ouverture des canapés se fait en quelques secondes et sans aucun effort.</p>
<p><strong>Voici une vidéo qui présente le système d&rsquo;ouverture de nos canapés-lits en couchage.</strong></p>
<p><a href="https://youtu.be/WOPIveAlY6o?t=3">https://youtu.be/WOPIveAlY6o?t=3</a></p>
<p>4) Pour les grandes familles: nous avons également un appartement avec une chambre pour un couple en plein centre de Salernes, avec vue sur le cours (la place du marché). Il n&rsquo;est situé qu&rsquo;à quelques minutes de route de la villa. Idéale si vous partez en vacances avec plusieurs couples qui veulent leur intimité.</p>
<p><img loading="lazy" decoding="async" class="alignnone size-medium wp-image-1283" src="http://ferigouliero.fr/wp-content/uploads/2024/06/Appt-Salernes.2-300x226.jpg" alt="" width="300" height="226" srcset="https://ferigouliero.fr/wp-content/uploads/2024/06/Appt-Salernes.2-300x226.jpg 300w, https://ferigouliero.fr/wp-content/uploads/2024/06/Appt-Salernes.2-1024x771.jpg 1024w, https://ferigouliero.fr/wp-content/uploads/2024/06/Appt-Salernes.2-768x578.jpg 768w, https://ferigouliero.fr/wp-content/uploads/2024/06/Appt-Salernes.2.jpg 1435w" sizes="auto, (max-width: 300px) 100vw, 300px" /></p>
<p><img loading="lazy" decoding="async" class="alignnone size-medium wp-image-1284" src="http://ferigouliero.fr/wp-content/uploads/2024/06/Appt-Salernes.8-300x226.jpg" alt="" width="300" height="226" srcset="https://ferigouliero.fr/wp-content/uploads/2024/06/Appt-Salernes.8-300x226.jpg 300w, https://ferigouliero.fr/wp-content/uploads/2024/06/Appt-Salernes.8-1024x771.jpg 1024w, https://ferigouliero.fr/wp-content/uploads/2024/06/Appt-Salernes.8-768x578.jpg 768w, https://ferigouliero.fr/wp-content/uploads/2024/06/Appt-Salernes.8.jpg 1435w" sizes="auto, (max-width: 300px) 100vw, 300px" /></p>
<p><img loading="lazy" decoding="async" class="alignnone size-medium wp-image-1285" src="http://ferigouliero.fr/wp-content/uploads/2024/06/IMG_20240119_132932-300x225.jpg" alt="" width="300" height="225" srcset="https://ferigouliero.fr/wp-content/uploads/2024/06/IMG_20240119_132932-300x225.jpg 300w, https://ferigouliero.fr/wp-content/uploads/2024/06/IMG_20240119_132932-1024x768.jpg 1024w, https://ferigouliero.fr/wp-content/uploads/2024/06/IMG_20240119_132932-768x576.jpg 768w, https://ferigouliero.fr/wp-content/uploads/2024/06/IMG_20240119_132932-1536x1152.jpg 1536w, https://ferigouliero.fr/wp-content/uploads/2024/06/IMG_20240119_132932-2048x1536.jpg 2048w" sizes="auto, (max-width: 300px) 100vw, 300px" /></p>
<p>&nbsp;</p>

<p>Où allez-vous dormir ?  Vous avez le choix ! 1) Dans la suite parentale se trouve un très grand lit de 1m80 de large sur 2m10 de long. Une très grande garde-robe avec miroir agrandit visuellement la pièce. Un bureau est à votre disposition pour y placer votre ordinateur et vos documents importants. Une porte-fenêtre donne &hellip; <a href="https://www.ferigouliero.fr/index.php/nos-chambres/" class="more-link">Continuer la lecture de <span class="screen-reader-text">Nos chambres</span>  <span class="meta-nav">&rarr;</span></a></p>
